e 11) to base 6.
2045545
What is -3a47b (base 12) in base 13?
-2a641
What is -31203332 (base 6) in base 13?
-257bc7
2460732 (base 9) to base 7
14244623
Convert 134bc2 (base 16) to base 14.
24cbd0
Convert -44a10 (base 12) to base 9.
-148223
Convert -39345d (base 16) to base 8.
-16232135
11201122210221 (base 3) to base 8
11453526
-12311543 (base 6) to base 10
-398295
What is -1769507 (base 11) in base 9?
-5571306
Convert -2428 (base 11) to base 3.
-11100122
Convert -3311412 (base 6) to base 4.
-220101200
What is 6832b0 (base 14) in base 11?
1aaaa45
111467 (base 11) to base 2
101011010110101100
66b5ac (base 14) to base 13
951c6b
Convert 4412000 (base 9) to base 14.
4599a3
What is -4553aa9 (base 11) in base 10?
-7970026
21220001001001 (base 3) to base 7
50433115
What is 101298 (base 10) in base 5?
11220143
1056410 (base 7) to base 2
100000001101001011
What is -d476b (base 14) in base 11?
-31a61a
-76596 (base 13) to base 15
-4366c
What is -154045 (base 8) in base 16?
-d825
Convert -12470 (base 11) to base 10.
-17864
11000112111 (base 3) to base 14
20b99
3b674 (base 12) to base 15
1952d
Convert 3321552 (base 6) to base 3.
22110010212
1100000000001111100 (base 2) to base 15
7b82a
Convert -1dff82 (base 16) to base 5.
-1000402304
-25998e (base 15) to base 14
-34d825
Convert -1516410 (base 7) to base 4.
-302120022
Convert 200223101 (base 4) to base 2.
100000101011010001
What is -15768 (base 11) in base 13?
-a160
Convert -121102023 (base 4) to base 10.
-103563
-a61d (base 15) to base 5
-2111003
What is 8d4d (base 15) in base 6?
350514
Convert 431322 (base 10) to base 11.
275071
Convert 564600 (base 8) to base 12.
92540
What is -519aa (base 11) in base 9?
-124811
What is -11000010100110011101 (base 2) in base 14?
-16a6a9
Convert 24210020 (base 5) to base 4.
313011203
What is -5011723 (base 8) in base 9?
-2424834
3010033130 (base 4) to base 5
201210204
-2104225 (base 6) to base 4
-120322121
Convert 9ccf4 (base 16) to base 11.
3a9622
What is -1923e2 (base 15) in base 4?
-10222133231
Convert -323100210 (base 4) to base 10.
-242724
Convert -249d4d (base 14) to base 8.
-4626261
Convert -a6db (base 14) to base 13.
-10161
Convert 134544 (base 8) to base 16.
b964
What is 21406602 (base 7) in base 9?
3405180
What is 38c353 (base 15) in base 7?
32104536
-41350142 (base 6) to base 2
-100100100000011101110
Convert -11a7b5 (base 13) to base 9.
-714412
2aa578 (base 11) to base 4
1311303100
-55214420 (base 6) to base 11
-a28323
1b885 (base 12) to base 6
513445
2163718 (base 10) to base 2
1000010000010000000110
Convert 210101121002 (base 3) to base 7.
3402413
What is 6096 (base 13) in base 4?
3033321
-5ce6c (base 16) to base 3
-201022222111
-34b46 (base 12) to base 15
-15e73
-133002313 (base 4) to base 11
-8759a
What is 2661753 (base 8) in base 10?
746475
Convert -222534 (base 8) to base 3.
-10211000111
1dd90c8 (base 14) to base 7
241612341
Convert -43b08 (base 16) to base 3.
-112002022202
What is -2c2b4 (base 16) in base 4?
-230022310
What is 31aa7e (base 16) in base 9?
6110806
-80b4 (base 12) to base 14
-5132
Convert 353987 (base 13) to base 7.
13515530
What is -1767146 (base 12) in base 8?
-22435006
Convert -748867 (base 10) to base 11.
-4716a9
-4b151 (base 12) to base 11
-6a830
Convert -101120210321 (base 4) to base 13.
-c37322
Convert -20321140 (base 5) to base 9.
-274125
What is 2214280 (base 10) in base 4?
20130212020
Convert -257635 (base 10) to base 9.
-432361
Convert 11160310 (base 7) to base 6.
32502331
What is -8930a (base 14) in base 7?
-2553513
Convert 113331312323 (base 4) to base 14.
b97871
What is 5e0d1 (base 16) in base 8?
1360321
Convert 14140222 (base 8) to base 3.
20000022202022
What is 1985a9 (base 12) in base 5?
103401004
-29a700 (base 11) to base 8
-1622074
What is 9166aa (base 15) in base 13?
157a953
Convert -1222303 (base 6) to base 7.
-361335
Convert -100011000011100110010 (base 2) to base 13.
-312b23
-802111 (base 9) to base 12
-1aa331
Convert -242140322 (base 5) to base 8.
-4240330
1101001100111011 (base 2) to base 3
2202011210
31041454 (base 7) to base 4
21322120330
Convert 85959 (base 15) to base 4.
1213200300
Convert 326913 (base 10) to base 13.
b5a52
Convert -2ab869 (base 13) to base 8.
-4012152
-1117666 (base 10) to base 9
-2083131
358617 (base 9) to base 8
646336
202434 (base 5) to base 9
10064
What is -1112021102101 (base 3) in base 13?
-225a24
Convert 127037 (base 9) to base 12.
388a4
Convert 512775 (base 12) to base 4.
10311323021
21011122110121 (base 3) to base 6
213410024
What is -109ba36 (base 12) in base 6?
-152234510
-38265 (base 12) to base 9
-125715
-23216171 (base 8) to base 6
-300152041
282477 (base 11) to base 2
1101100000001011100
Convert -2116364 (base 8) to base 2.
-10001001110011110100
-1601206 (base 9) to base 10
-886632
Convert -70251 (base 8) to base 5.
-1410331
112201000211 (base 3) to base 2
1000110101010011011
-e425fd (base 16) to base 7
-241042433
Convert 10010010100110100001101 (base 2) to base 4.
102110310031
What is 3c9d6 (base 14) in base 16?
24a70
What is -3206 (base 7) in base 16?
-46d
Convert 1088a (base 14) to base 2.
1001110010101010
1000001010110101011 (base 2) to base 9
447174
Convert 2222301 (base 6) to base 2.
11011010101111101
What is -10002020121 (base 4) in base 12?
-42ba49
What is -1011000101110000 (base 2) in base 8?
-130560
What is -50524154 (base 7) in base 13?
-b44463
What is 101000001010010101 (base 2) in base 13?
59b4c
-556768 (base 10) to base 8
-2077340
What is 803263 (base 9) in base 12?
1aa926
Convert -c9f6 (base 16) to base 10.
-51702
Convert -6507216 (base 9) to base 2.
-1101010011110110010011
What is -6057309 (base 12) in base 11?
-a1a6888
What is 130002433 (base 6) in base 15?
34ba16
-6529b3 (base 13) to base 4
-21010032300
-122021103312 (base 4) to base 2
-11010001001010011110110
Convert -314818 (base 11) to base 16.
-7b129
What is -1243555 (base 7) in base 16?
-27985
What is -187162 (base 14) in base 7?
-10230552
28642 (base 13) to base 10
75766
145676 (base 9) to base 4
111312111
99630 (base 12) to base 5
22444301
Convert -10407 (base 9) to base 11.
-51a6
1c37c (base 13) to base 5
3234120
Convert -11322113203 (base 4) to base 8.
-5722743
What is -455542 (base 6) in base 2?
-1001011111010110
What is 9c315 (base 14) in base 13?
103834
Convert 28a801 (base 15) to base 11.
1119063
What is -52120052 (base 6) in base 4?
-11233002200
What is 307753 (base 8) in base 4?
120333223
Convert -251867 (base 13) to base 11.
-557a35
-6433 (base 14) to base 8
-41615
-2131bc (base 14) to base 12
-46182a
What is 333230333 (base 4) in base 11?
169047
Convert -11001021101 (base 3) to base 5.
-10022120
-53aa20 (base 14) to base 5
-1211140141
What is b7821 (base 12) in base 3?
110021002121
-1336404 (base 7) to base 15
-37906
Convert -1627766 (base 9) to base 5.
-212421322
Convert 1001100101022 (base 3) to base 5.
120323323
What is 41134112 (base 6) in base 11?
735863
-10312222 (base 5) to base 3
-11111022110
100200020202 (base 3) to base 16
2e7f3
-439392 (base 11) to base 13
-1b6b50
Convert 518d3a (base 15) to base 11.
2209232
What is 34310214 (base 5) in base 15?
60e24
-10111122210 (base 3) to base 8
-206616
-4743460 (base 10) to base 15
-63a70a
-1221251 (base 7) to base 12
-76712
110202323 (base 4) to base 8
244273
What is -2f5d4 (base 16) in base 11?
-122838
230313442 (base 5) to base 7
11502416
Convert -5265037 (base 8) to base 6.
-50025155
1122011021012 (base 3) to base 4
3110030222
Convert -121413300 (base 5) to base 14.
-10dd23
What is -28b9300 (base 12) in base 13?
-191454c
Convert 31368 (base 14) to base 15.
25267
What is -6095b (base 15) in base 9?
-515505
-2cdc (base 16) to base 4
-2303130
Convert 3a75222 (base 13) to base 3.
1021122001102011
24a8b (base 16) to base 7
1163525
What is -1e476 (base 15) in base 4?
-120021012
2513140 (base 6) to base 10
134196
What is -1044122 (base 6) in base 5?
-3142004
What is -78ddb (base 14) in base 12?
-121ab1
Convert 33513b (base 13) to base 15.
18db2b
Convert -1524422 (base 7) to base 2.
-110010110011000110
Convert 2123202 (base 6) to base 7.
613244
Convert -2112201222121 (base 3) to base 14.
-27311b
Convert -3011541 (base 6) to base 3.
-21012100121
Convert -14514043 (base 9) to base 15.
-9774e9
What is 23510103 (base 8) in base 11?
29a7362
What is -